6. Let q be n(8). Let d = q - -4. What is the remainder when d is divided by (-6)/(-4)*16/24?
0
Let b(k) = 7*k**3 - 2*k + 1. Let r be b(2). What is the remainder when 2 + (3 + r - 3) is divided by 14?
13
Let y(o) = -o**2 - 16*o - 10. What is the remainder when 196 is divided by y(-14)?
16
Let g be 1/3 + 94/6. Suppose 4*i = -3*t - 45, -2*t - 2*t - 5*i - 59 = 0. Let z = g + t. Calculate the remainder when 14 is divided by z.
4
Let s(k) = -4*k - 5. Suppose 6*b - 32 + 8 = 0. Calculate the remainder when s(-5) is divided by b.
3
Suppose -n + 4*j - 4 = 6, 0 = 4*j - 12. Suppose -5*f = -f - 3*h - 2, n*h = 4. Let x(k) = k**2 + 12*k + 16. What is the remainder when x(-11) is divided by f?
1
Let v be 6/((-1 - 1)/2). What is the remainder when (-32)/v*(-3)/(-1) is divided by 15/45 - 17/(-3)?
4
Suppose 7*c = c + 78. Calculate the remainder when 50 is divided by c.
11
What is the remainder when 10 - -3 - (3 + -5) is divided by 10?
5
Suppose 6*d - 204 = 3*d. What is the remainder when d is divided by 10?
8
Suppose 2*z + 1 = 4*p + 67, 0 = 3*z - p - 109. What is the remainder when z is divided by 8?
5
Suppose 5*m - 16 = -4*c, 7*c - 20 = 2*c. Suppose b = 2*g + 5*b + 6, -2*g - 3*b - 2 = m. What is the remainder when 14 is divided by g?
4
Suppose 0 = 9*q - 6*q - 12. Suppose 0 = -4*w + 8, -3 - 3 = t - q*w. Suppose -3*u + 0*p = 5*p + 14, 14 = 3*u - 2*p. What is the remainder when u is divided by t?
0
Suppose 2*x + 17 + 7 = 0. Let v(p) = -p**3 - p + 5. Let r be v(0). Calculate the remainder when x/((15/(-2))/r) is divided by 5.
3
Suppose 16 - 130 = -3*a. What is the remainder when a is divided by 8 + (1 + -1)/3?
6
Let f = 70 + -16. Calculate the remainder when f is divided by 11.
10
Suppose -2*y + 24 = -d + 3*d, 0 = 4*y + 3*d - 46. What is the remainder when 19 is divided by y?
9
Suppose -48 = -2*u - 3*a, -3*a - 48 - 9 = -3*u. What is the remainder when 37 is divided by u?
16
Suppose -28*x = -23*x - 40. Calculate the remainder when 14 is divided by x.
6
Let v(w) = 42*w**2 + 2*w - 1. What is the remainder when v(1) is divided by (-304)/(-14) - (-8)/28?
21
Suppose s = -4*d + 9, -5*s - 3*d = -3*s - 23. Calculate the remainder when 22 is divided by s.
9
Let b = -25 + 14. Let x = b - -21. What is the remainder when 29 is divided by x?
9
Let q(n) = -2*n - 3. Let f = 18 + -14. What is the remainder when q(-5) is divided by f?
3
Suppose 0 = -2*w - 2*w - 8. Calculate the remainder when 128/20 + w/5 is divided by (-4 + -2)/(6/(-4)).
2
Let c = 5 + 15. What is the remainder when 98 is divided by c?
18
Let m = -4 - -16. Suppose -4*b = -4*r - 88, -4*b - 1 = 3. Let l = 45 + r. What is the remainder when l is divided by m?
10
Let d = -43 + 85. What is the remainder when d is divided by 5?
2
Suppose 4*x = -2*r + 74, -3*x + 0*r + 38 = -2*r. Let a = -16 + 78. Calculate the remainder when a is divided by x.
14
Suppose -6*c + 45 = -c. What is the remainder when (-5 - -1) + (-12)/9*-21 is divided by c?
6
Suppose -2*q + 6 = 2*x, 0 = 3*x - 0*x + 5*q - 13. Suppose 3*u + 68 = -u. Let g = 18 + u. What is the remainder when g is divided by x?
0
Suppose 16 = 2*m - 14. Calculate the remainder when 72 is divided by m.
12
Suppose -5*c + 43 = w, 0*w - 56 = -2*w - 4*c. Calculate the remainder when 29 is divided by w.
11
Let j = 73 - -103. Suppose -y + j = 4*r + 28, 5*y = 0. Calculate the remainder when r is divided by 13.
11
Let h = -2 - -6. Let i = -17 + 34. Suppose -h*r - 12 = 0, -y - 2*r + i = r. Calculate the remainder when y is divided by 14.
12
Let s = 21 + -20. Let x = -3 - -4. Calculate the remainder when s is divided by x.
0
Suppose 41 = 3*g - 7. Suppose 0 = 5*c + 4*d - 139, 5*d - 8 = -2*c + 34. Calculate the remainder when c is divided by g.
15
Let u(q) = -q**3 + 4*q**2 + q + 1. Let z be u(4). Calculate the remainder when (-1)/(1/z)*-2 is divided by 6.
4
Suppose -2 + 12 = -3*x - 2*q, 4 = -5*x + 3*q. Let c be 2 - (14 - (-4)/x). Let s = 30 - c. What is the remainder when s is divided by 14?
12
Let c(x) = x**2 - 7*x - 16. What is the remainder when c(11) is divided by 16?
12
Let w(f) = f**2 + f - 7. What is the remainder when w(-5) is divided by 7?
6
Let a be (-8)/(0 - 4/10). Let r = 31 - a. Calculate the remainder when r is divided by 4.
3
Let t be 1317/9 + (-2)/6. Let f = t + -38. Suppose -2*x = -0*x - f. What is the remainder when x is divided by 19?
16
Let a(c) = 10*c**2 - 7*c - 5. Calculate the remainder when a(4) is divided by 26.
23
Suppose 0 = -d + 13 + 12. Calculate the remainder when d is divided by 15.
10
Let h(y) = -y**2 - 10*y + 2. Calculate the remainder when 49 is divided by h(-6).
23
Suppose -7 = -3*q + 17. What is the remainder when q is divided by 5?
3
Suppose -h - 64 = -9*h. What is the remainder when ((-4)/(-6))/(4/132) is divided by h?
6
Let w = 14 + 21. Let t = 31 - 19. Calculate the remainder when w is divided by t.
11
Let b = -5 + -3. Let n(s) = -s**3 - 9*s**2 - 10*s. Let l(t) = -t**2 - 7*t - 1. What is the remainder when n(b) is divided by l(-5)?
7
Let c = 66 + -38. Let b = -43 + c. What is the remainder when (-168)/b - 1/5 is divided by 6?
5
Let r = -26 + 51. Suppose 5*q - 216 = -4*k, 2*k + 2*q + 15 = 121. Calculate the remainder when k is divided by r.
24
Let s be -5*(2 - 2/(-2)). Calculate the remainder when -11 + 18 - (0 - 3) is divided by (-96)/s - (-2)/(-5).
4
Let y(s) = s**3 - 2*s**2 - 2*s - 1. Let n be y(3). Suppose x + 89 = 4*f, 6*f + n*x - 108 = f. Calculate the remainder when f is divided by 12.
10
Suppose 2*n - 210 = -4*u, -u + 3*u - 104 = -2*n. Calculate the remainder when u is divided by 9.
8
Suppose 8*z - 11*z + 26 = -2*d, 4*d + 28 = 4*z. Calculate the remainder when z is divided by 5.
2
What is the remainder when 21 is divided by 12/((-1)/(-1)*2)?
3
Let l = 12 - -2. Let k be 1/(-1)*-18 + -2. Let f = 10 + k. What is the remainder when f is divided by l?
12
Let m = 32 - 17. What is the remainder when 88 is divided by m?
13
Let r(o) = -o + 5. Suppose -3*d + 2*d + 33 = 0. What is the remainder when d is divided by r(-7)?
9
Let v(a) be the second derivative of -5*a**3/6 - 8*a**2 - 3*a. What is the remainder when 94 is divided by v(-8)?
22
Let y = 327 - 322. Calculate the remainder when 2 + -4 + 2 + 13 is divided by y.
3
Suppose -2*j + 7*j = 25. Let y(i) = -i**3 + 5*i**2 + 4*i. What is the remainder when 58 is divided by y(j)?
18
Suppose 0*a = -5*a - 5*c + 50, 5*c = 3*a + 2. Calculate the remainder when ((-2)/(-4))/(2/164) is divided by 12 + (0 - a)/(-3).
13
Let g(m) be the third derivative of 0*m - 7/24*m**4 - 2/3*m**3 - 5*m**2 - 1/12*m**5 + 0 - 1/120*m**6. Calculate the remainder when 30 is divided by g(-4).
6
Let f = 1 + -5. Let j = 32 + f. What is the remainder when j is divided by 26/2 - 1*-2?
13
Suppose -3*f + 84 = 3*k, 4*k - 85 = 3*f + 34. What is the remainder when k is divided by -16*(-5 + 3)/2?
13
Suppose -3*t + 6 = -9. Let b be ((-6)/4)/(6/(-8)). Suppose -l = b*l - 36. Calculate the remainder when l is divided by t.
2
Let c(m) = m + 5. Let a be c(-10). Let k = 8 + a. Calculate the remainder when k is divided by -1 - 1/(2/(-6)).
1
Let d(m) = m**2 + 9*m + 11. Let u be d(-8). Let v = 27 + 23. Suppose 3*x - 136 = -5*i, -u*i = -3*x + 46 + v. Calculate the remainder when x is divided by 19.
18
Let b = 326 + -165. Suppose 2*a + 2*k = -2*a + 136, b = 5*a - 2*k. Calculate the remainder when a is divided by 17.
16
Suppose 4*s - s = 18. What is the remainder when ((-12)/8)/(s/(-68)) is divided by 6?
5
Let t(v) = 4*v - 5. Suppose -29 = 3*z - 4*z. Suppose 2*r = -s + z, 0 = 5*s + 4*r + 7 - 158. What is the remainder when s is divided by t(4)?
9
Suppose d - 6 = 4*d, 5*r = 2*d + 309. Suppose -35 = k - 2. Let l = k + r. Calculate the remainder when l is divided by 15.
13
Let p(a) = 39*a**3 - a. Let x be p(-1). Let c = x - -81. Let n = c + -14. Calculate the remainder when n is divided by 10.
9
Suppose -4*l + 3*t = -94, -5*t = -5*l - 4*t + 112. Let d be 2/(-8) - (-58)/8. Suppose -2*b + 23 = d. Calculate the remainder when l is divided by b.
6
Let p = 14 - -1. Calculate the remainder when 29 is divided by p.
14
Let b be (-12)/(-9) + 2/3. Suppose 0 = -3*q + b*i + 35, 31 = 3*q - 3*i + 2*i. Calculate the remainder when 34 is divided by q.
7
Let g = 12 + -7. Suppose -4*w + g*t + 19 = 0, 4 = -5*w - 3*t - 0. What is the remainder when (12/(-5))/(w/(-5)) is divided by